 is divided by 32.
17
Suppose 1 = -2*r - 127. Let b = 70 + r. What is the remainder when 105 is divided by b?
3
Let b(h) = 2*h**2 + 15*h - 5. Let t be b(-8). Suppose -5*d = v - 2*d - 12, 0 = 2*v + t*d - 27. What is the remainder when -75*(-2 + 25/15) is divided by v?
10
Let y = -963 - -2873. Calculate the remainder when y is divided by 39.
38
Let w(o) = 18*o**2 + 59*o + 115. What is the remainder when 410 is divided by w(-3)?
10
Suppose 2*q = -3*p + 15, -q = -2*p - 7 - 11. Calculate the remainder when 63 is divided by q.
3
Suppose -2*t - 3*p = -312, t - 6*p - 170 = -4*p. Suppose -42*q = -12*q - 1290. Calculate the remainder when t is divided by q.
33
Let g = 15 + -23. Let i = 38 + g. Suppose 0 = 4*k - 52 - 12. Calculate the remainder when i is divided by k.
14
Let b = 10 + -6. Suppose -i - 1721 = -3*k + 3*i, -2871 = -5*k + 4*i. Suppose b*f = -f + k. What is the remainder when f is divided by 29?
28
Let n(x) = -x**2 - 12*x - 5. Suppose -344 = -2*t - 4*a, t + a + 679 = 5*t. Let j = -107 + t. What is the remainder when j is divided by n(-9)?
19
Let v(t) = 133*t - 28. Let p be v(3). Let a = 391 - p. What is the remainder when 214 is divided by a?
14
Let m = 73 - -197. Calculate the remainder when 38 is divided by ((-15)/9)/((-25)/m).
2
Suppose -761 = -9*t - 653. Calculate the remainder when 135 is divided by t.
3
Suppose 4*m = p + 4*p + 97, -4*p = -m + 27. What is the remainder when 513*(-918)/(-6783) - 3/7 is divided by m?
0
Suppose -115 = -7*y + 6*y. Let p = y + -76. Calculate the remainder when (-2 - p)*(-2 - 2) is divided by 42.
38
Suppose -4*m - 482*g + 41 = -481*g, 3*m = g + 43. Let u(p) = 4*p**2 + 9*p + 8. Calculate the remainder when u(-9) is divided by m.
11
Let x(u) = u**3 + 57*u**2 + 138*u - 93. What is the remainder when x(-54) is divided by 86?
85
Suppose 69*n - 5695 - 3965 = 0. What is the remainder when n is divided by (-28)/(-14) + 0 + 16?
14
What is the remainder when (12/((-9)/(-3)))/(104/1196) is divided by 98/6 + (-4)/12?
14
Suppose 2*u - 461 = -285. Suppose -44 - u = -12*v. What is the remainder when 38 is divided by v?
5
Let m = 264 - 330. Let t = m + 96. What is the remainder when 175 is divided by t?
25
Let h = 3595 - 3348. What is the remainder when h is divided by 8?
7
Let p = -61 - -109. Let y(x) = -5*x**3 - 2*x. Let d be y(-2). Suppose -m = d - p. What is the remainder when 13 is divided by m?
1
Suppose -3*b = 11*b + 211 - 2493. What is the remainder when 538 is divided by b?
49
Let z be (-12)/(30/(-9) + 3). Let v = -9 - 9. Let f = z + v. What is the remainder when f is divided by 4?
2
Suppose -3*b + 22 = 4*f, 4*f - 5*b = 7*f - 22. Suppose 4*j - 5*m = 187, 5*j - f*m = 8*j - 117. Calculate the remainder when 76 is divided by j.
33
Suppose -27 = 17*s - 10. What is the remainder when (s - 4/(-12))/(10/(-1965)) is divided by 34?
29
Suppose -3*n + 56 = 2*f, n - 4*f + 84 = 112. Calculate the remainder when 55 is divided by n.
15
Let c(i) = i**2 + 0*i**2 + 0*i**2 - 3*i**3 + 16*i - 4 + 2*i**2 - 7*i**2. Calculate the remainder when c(-6) is divided by 34.
30
Suppose -4*m + 4*k = 6*k - 5290, 0 = 4*m - 2*k - 5262. Calculate the remainder when m is divided by 222.
209
Let l be (4 + -2 + 406)/((-12)/(-8)). Let s = l - 180. What is the remainder when s is divided by 33?
26
Suppose 5*q - h + 17 + 20 = 0, -32 = 4*q - 2*h. Let k(o) = 2*o**2 - 2*o - 39. Calculate the remainder when k(q) is divided by 21.
10
Suppose -308*o = -305*o - 129. Let u = o - -452. Calculate the remainder when u is divided by 71.
69
Let h = -782 - -1111. What is the remainder when h is divided by 116?
97
Suppose d - 3*w + 72 = 71, -w = -3*d + 5. Suppose 0 = d*x - 18 - 14. What is the remainder when 59 is divided by x?
11
Let k(y) = -y**3 - 3*y**2 - 49*y + 1. What is the remainder when k(-5) is divided by 145?
6
Let m(b) = -b + 30. Let l = 102 + -36. What is the remainder when l is divided by m(14)?
2
Suppose 0 = -2*i - 5*f + 210, -6*f + 404 = 4*i - 4*f. Suppose 0 = 93*a - i*a + 546. What is the remainder when a is divided by 17?
10
Suppose -3*q = -2 - 4. Let z be 3/q + (978/(-12) - 4). Let b = -40 - z. Calculate the remainder when b is divided by 15.
14
Suppose 29 - 5 = 6*n. Suppose -5*r = -3*c - 873, 695 = n*r + 3*c - 2*c. Calculate the remainder when r is divided by 12.
6
Suppose i = 5*w + 175 + 37, -w - 31 = -4*i. Let c(n) = 2*n**2 + 83*n - 86. Calculate the remainder when c(w) is divided by 22.
21
Suppose 15*t + 7 + 38 = 0. Calculate the remainder when ((-522)/4)/(t/4) is divided by 35.
34
Suppose -5*w + 1234 = 5*d - 221, 299 = w - 3*d. Calculate the remainder when w is divided by 136.
21
Let n = 46849 - 46836. Suppose -3*t + 36 + 102 = 0. What is the remainder when t is divided by n?
7
Suppose 68 = 5*r - 9*r. What is the remainder when ((465/12)/(-1))/(r/68) is divided by 13?
12
Let w be (-6)/30 - (-36)/5. Suppose -2*v - 15 = -w*v. Suppose -383*h + 432*h = 49. Calculate the remainder when v is divided by h.
0
Let l(u) be the first derivative of -u**4/2 - 4*u**3/3 + 3*u**2/2 - 95. What is the remainder when l(-5) is divided by 18?
9
Suppose 2*l + 3*y - 213 = 0, 65 = 4*y + 93. Calculate the remainder when 536 is divided by l.
68
Let j be 2/11 - 2080/(-55). Suppose -o - 6 + j = 2*z, 3*o - 5*z = 96. Calculate the remainder when o is divided by (7/4)/((17/(-4))/(-17)).
4
Suppose 0*k + k - 99 = 0. Let w = 802 + -438. Suppose w - 89 = 11*x. What is the remainder when k is divided by x?
24
Let w(x) = 67*x - 1291. Calculate the remainder when 203 is divided by w(22).
20
Suppose -770 + 626 = -16*r. What is the remainder when 33 is divided by r?
6
Let z(y) = -179*y**2 - 1622*y - 21. What is the remainder when 982 is divided by z(-9)?
46
Let n(f) = f**3 - 23*f**2 + f - 4. Let k = 68 + -45. Suppose 0 = 2*g - z - 7, -g - 2*z - 2*z = -17. What is the remainder when n(k) is divided by g?
4
Let w = -10832 - -11462. Calculate the remainder when w is divided by 131.
106
Calculate the remainder when (-24)/132 - 11321/(-11) is divided by 43.
40
Let g = 46 + -27. Suppose -21*l = -25*l + u + 261, 200 = 3*l - 5*u. Suppose -l*h + 3893 = 838. Calculate the remainder when h is divided by g.
9
Let k(f) = 55*f**2 - 18*f - 38. What is the remainder when 877 is divided by k(-2)?
5
Let g(p) = 17*p**2 - 12*p - 2. Let w(j) = 32*j**2 - 24*j - 6. Let y(o) = 5*g(o) - 2*w(o). What is the remainder when 87 is divided by y(1)?
10
Suppose 66 = 2*n + 2*o - 2, 4*n = 4*o + 184. Suppose 2*m - 6*m + 316 = 0. Calculate the remainder when m is divided by n.
39
Suppose -31 + 127 = 3*v + 5*r, 2*v - 5*r - 39 = 0. Let c = 73094 - 73062. What is the remainder when c is divided by v?
5
Let d = 674 - 492. Suppose 42 + d = 2*s. What is the remainder when s is divided by 29?
25
Let m be (-10 + 9)*142*2/4. Let o = -66 - m. Suppose -4*f - o = -9*f. Calculate the remainder when 6 is divided by f.
0
Suppose -5*t - 3*t = 112. What is the remainder when 49 is divided by ((-5 + t)*-2)/2?
11
Let r be (-3)/(-15) + 441/45. Let w = 27 + r. Calculate the remainder when w is divided by 21.
16
Suppose -11*o + 7*o = 20, 3*o = 2*w - 615. What is the remainder when w is divided by 88?
36
Calculate the remainder when 141 + (-68 + 8)/4 is divided by 30.
6
Let t(y) = y**3 - 30*y**2 + 21*y + 63. Let s be t(31). Suppose -10*q + s = 15*q. Calculate the remainder when q is divided by 36.
31
Let k = 346 + -341. Suppose 82 = 2*a + k*i - 8*i, -5*a + 255 = 5*i. Calculate the remainder when a is divided by 4.
3
Let z(g) = 13*g**2 - g + 1. Suppose 2*v - 8 = v. Suppose -v*y = -5*y - 3. Calculate the remainder when 60 is divided by z(y).
8
Suppose 2*y + 3*m = -m + 12, -3*y + 33 = m. Let z(w) = -w**3 - 5*w**2 + 9*w + 8. Let l be -2*((-1)/2 - -4). What is the remainder when z(l) is divided by y?
7
Calculate the remainder when 959 is divided by (90/(-20) + 1)*-46.
154
Let w = -297 - -1130. Suppose 8*u - w = -9*u. Calculate the remainder when 195 is divided by u.
48
Let n(q) = -q**2 - 34*q - 219. Suppose -4*s + 2*a = -218 - 50, 0 = -3*s - 4*a + 223. Let w = 130 - s. Calculate the remainder when w is divided by n(-24).
19
Suppose 2*o + 2 + 0 = 4*u, -1 = -2*o + u. Let g(v) = v**3 - 13*v**2 - 30*v + 5. Suppose 143 = -45*d + 818. What is the remainder when g(d) is divided by o?
0
Calculate the remainder when 2/(-11) - (11 + 1466760/(-110)) is divide